{"id":29,"date":"2023-05-12T08:00:48","date_gmt":"2023-05-12T11:00:48","guid":{"rendered":"https:\/\/hospitalneurosono.com.br\/?page_id=29"},"modified":"2024-10-30T12:54:28","modified_gmt":"2024-10-30T15:54:28","slug":"home","status":"publish","type":"page","link":"https:\/\/hospitalneurosono.com.br\/index.php\/home\/","title":{"rendered":"Home"},"content":{"rendered":"\n<div class=\"wp-block-columns container is-layout-flex wp-container-5\">\n<div class=\"wp-block-column col-md-5 is-layout-flow\">\n<div style=\"height:55px\" aria-hidden=\"true\" class=\"wp-block-spacer\"><\/div>\n\n\n\n<h2 class=\"wp-block-heading\">Sobre a Neurosono<\/h2>\n\n\n\n<p>A cl\u00ednica Neurosono, localizada na QNC 11, lote 05, Taguatinga-DF, CEP 72115610, devidamente planejada com projeto arquitet\u00f4nico do renomado arquiteto brasiliense, Assis Arag\u00e3o. Foi inaugurado em 2007, com ideais voltados para atendimento em laborat\u00f3rio de sono. Devido a necessidade de manter-se dentro dos padr\u00f5es internacionais, que definem um servi\u00e7o de sono como uma unidade multidisciplinar, com profissionais das v\u00e1rias \u00e1reas da sa\u00fade com atua\u00e7\u00e3o voltadas para essa subespecialidade da medicina, agregamos a Neurosono, v\u00e1rias outras especialidades m\u00e9dicas e profissionais de outras \u00e1reas da sa\u00fade, tornando-nos \u00edmpares, em todo DF.<a href=\"https:\/\/web.archive.org\/web\/20200401132608\/http:\/\/www.neurosonobrasilia.com.br\/sobre.html\"><\/a><\/p>\n<\/div>\n\n\n\n<div class=\"wp-block-column col-md-6 col-md-offset1 is-layout-flow\">\n<div style=\"height:55px\" aria-hidden=\"true\" class=\"wp-block-spacer\"><\/div>\n\n\n\n<figure class=\"wp-block-gallery has-nested-images columns-default is-cropped wp-block-gallery-2 is-layout-flex\">\n<figure class=\"wp-block-image size-large\"><img decoding=\"async\" loading=\"lazy\" width=\"1024\" height=\"589\" src=\"https:\/\/hospitalneurosono.com.br\/wp-content\/uploads\/2023\/05\/cerebro-1024x589.png\" alt=\"\" class=\"wp-image-70\" srcset=\"https:\/\/hospitalneurosono.com.br\/wp-content\/uploads\/2023\/05\/cerebro-1024x589.png 1024w, https:\/\/hospitalneurosono.com.br\/wp-content\/uploads\/2023\/05\/cerebro-300x173.png 300w, https:\/\/hospitalneurosono.com.br\/wp-content\/uploads\/2023\/05\/cerebro-768x442.png 768w, https:\/\/hospitalneurosono.com.br\/wp-content\/uploads\/2023\/05\/cerebro.png 1080w\" sizes=\"(max-width: 1024px) 100vw, 1024px\" \/><\/figure>\n<\/figure>\n\n\n\n<p><\/p>\n<\/div>\n<\/div>\n","protected":false},"excerpt":{"rendered":"<p>Sobre a Neurosono A cl\u00ednica Neurosono, localizada na QNC 11, lote 05, Taguatinga-DF, CEP 72115610, devidamente planejada com projeto arquitet\u00f4nico do renomado arquiteto brasiliense, Assis Arag\u00e3o. Foi inaugurado em 2007, com ideais voltados para atendimento em laborat\u00f3rio de sono. Devido a necessidade de manter-se dentro dos padr\u00f5es internacionais, que definem [&hellip;]<\/p>\n","protected":false},"author":1,"featured_media":88,"parent":0,"menu_order":0,"comment_status":"closed","ping_status":"closed","template":"","meta":{"om_disable_all_campaigns":false,"_mi_skip_tracking":false},"yoast_head":"<!-- This site is optimized with the Yoast SEO plugin v20.12 - https:\/\/yoast.com\/wordpress\/plugins\/seo\/ -->\n<title>Home - hospitalneurosono.com.br<\/title>\n<meta name=\"robots\" content=\"index, follow, max-snippet:-1, max-image-preview:large, max-video-preview:-1\" \/>\n<link rel=\"canonical\" href=\"https:\/\/hospitalneurosono.com.br\/index.php\/home\/\" \/>\n<meta property=\"og:locale\" content=\"en_US\" \/>\n<meta property=\"og:type\" content=\"article\" \/>\n<meta property=\"og:title\" content=\"Home - hospitalneurosono.com.br\" \/>\n<meta property=\"og:description\" content=\"Sobre a Neurosono A cl\u00ednica Neurosono, localizada na QNC 11, lote 05, Taguatinga-DF, CEP 72115610, devidamente planejada com projeto arquitet\u00f4nico do renomado arquiteto brasiliense, Assis Arag\u00e3o. Foi inaugurado em 2007, com ideais voltados para atendimento em laborat\u00f3rio de sono. Devido a necessidade de manter-se dentro dos padr\u00f5es internacionais, que definem [&hellip;]\" \/>\n<meta property=\"og:url\" content=\"https:\/\/hospitalneurosono.com.br\/index.php\/home\/\" \/>\n<meta property=\"og:site_name\" content=\"hospitalneurosono.com.br\" \/>\n<meta property=\"article:modified_time\" content=\"2024-10-30T15:54:28+00:00\" \/>\n<meta property=\"og:image\" content=\"http:\/\/hospitalneurosono.com.br\/wp-content\/uploads\/2023\/05\/clinicaNeurosono2.jpeg\" \/>\n\t<meta property=\"og:image:width\" content=\"786\" \/>\n\t<meta property=\"og:image:height\" content=\"442\" \/>\n\t<meta property=\"og:image:type\" content=\"image\/jpeg\" \/>\n<meta name=\"twitter:card\" content=\"summary_large_image\" \/>\n<meta name=\"twitter:label1\" content=\"Est. reading time\" \/>\n\t<meta name=\"twitter:data1\" content=\"1 minute\" \/>\n<script type=\"application\/ld+json\" class=\"yoast-schema-graph\">{\"@context\":\"https:\/\/schema.org\",\"@graph\":[{\"@type\":\"WebPage\",\"@id\":\"https:\/\/hospitalneurosono.com.br\/index.php\/home\/\",\"url\":\"https:\/\/hospitalneurosono.com.br\/index.php\/home\/\",\"name\":\"Home - hospitalneurosono.com.br\",\"isPartOf\":{\"@id\":\"https:\/\/hospitalneurosono.com.br\/#website\"},\"datePublished\":\"2023-05-12T11:00:48+00:00\",\"dateModified\":\"2024-10-30T15:54:28+00:00\",\"breadcrumb\":{\"@id\":\"https:\/\/hospitalneurosono.com.br\/index.php\/home\/#breadcrumb\"},\"inLanguage\":\"en-US\",\"potentialAction\":[{\"@type\":\"ReadAction\",\"target\":[\"https:\/\/hospitalneurosono.com.br\/index.php\/home\/\"]}]},{\"@type\":\"BreadcrumbList\",\"@id\":\"https:\/\/hospitalneurosono.com.br\/index.php\/home\/#breadcrumb\",\"itemListElement\":[{\"@type\":\"ListItem\",\"position\":1,\"name\":\"In\u00edcio\",\"item\":\"https:\/\/hospitalneurosono.com.br\/\"},{\"@type\":\"ListItem\",\"position\":2,\"name\":\"Home\"}]},{\"@type\":\"WebSite\",\"@id\":\"https:\/\/hospitalneurosono.com.br\/#website\",\"url\":\"https:\/\/hospitalneurosono.com.br\/\",\"name\":\"hospitalneurosono.com.br\",\"description\":\"Hospital Neuro Sono\",\"publisher\":{\"@id\":\"https:\/\/hospitalneurosono.com.br\/#organization\"},\"potentialAction\":[{\"@type\":\"SearchAction\",\"target\":{\"@type\":\"EntryPoint\",\"urlTemplate\":\"https:\/\/hospitalneurosono.com.br\/?s={search_term_string}\"},\"query-input\":\"required name=search_term_string\"}],\"inLanguage\":\"en-US\"},{\"@type\":\"Organization\",\"@id\":\"https:\/\/hospitalneurosono.com.br\/#organization\",\"name\":\"hospitalneurosono.com.br\",\"url\":\"https:\/\/hospitalneurosono.com.br\/\",\"logo\":{\"@type\":\"ImageObject\",\"inLanguage\":\"en-US\",\"@id\":\"https:\/\/hospitalneurosono.com.br\/#\/schema\/logo\/image\/\",\"url\":\"https:\/\/hospitalneurosono.com.br\/wp-content\/uploads\/2023\/05\/logo_neurosono.png\",\"contentUrl\":\"https:\/\/hospitalneurosono.com.br\/wp-content\/uploads\/2023\/05\/logo_neurosono.png\",\"width\":3000,\"height\":1500,\"caption\":\"hospitalneurosono.com.br\"},\"image\":{\"@id\":\"https:\/\/hospitalneurosono.com.br\/#\/schema\/logo\/image\/\"}}]}<\/script>\n<!-- \/ Yoast SEO plugin. -->","yoast_head_json":{"title":"Home - hospitalneurosono.com.br","robots":{"index":"index","follow":"follow","max-snippet":"max-snippet:-1","max-image-preview":"max-image-preview:large","max-video-preview":"max-video-preview:-1"},"canonical":"https:\/\/hospitalneurosono.com.br\/index.php\/home\/","og_locale":"en_US","og_type":"article","og_title":"Home - hospitalneurosono.com.br","og_description":"Sobre a Neurosono A cl\u00ednica Neurosono, localizada na QNC 11, lote 05, Taguatinga-DF, CEP 72115610, devidamente planejada com projeto arquitet\u00f4nico do renomado arquiteto brasiliense, Assis Arag\u00e3o. Foi inaugurado em 2007, com ideais voltados para atendimento em laborat\u00f3rio de sono. Devido a necessidade de manter-se dentro dos padr\u00f5es internacionais, que definem [&hellip;]","og_url":"https:\/\/hospitalneurosono.com.br\/index.php\/home\/","og_site_name":"hospitalneurosono.com.br","article_modified_time":"2024-10-30T15:54:28+00:00","og_image":[{"width":786,"height":442,"url":"http:\/\/hospitalneurosono.com.br\/wp-content\/uploads\/2023\/05\/clinicaNeurosono2.jpeg","type":"image\/jpeg"}],"twitter_card":"summary_large_image","twitter_misc":{"Est. reading time":"1 minute"},"schema":{"@context":"https:\/\/schema.org","@graph":[{"@type":"WebPage","@id":"https:\/\/hospitalneurosono.com.br\/index.php\/home\/","url":"https:\/\/hospitalneurosono.com.br\/index.php\/home\/","name":"Home - hospitalneurosono.com.br","isPartOf":{"@id":"https:\/\/hospitalneurosono.com.br\/#website"},"datePublished":"2023-05-12T11:00:48+00:00","dateModified":"2024-10-30T15:54:28+00:00","breadcrumb":{"@id":"https:\/\/hospitalneurosono.com.br\/index.php\/home\/#breadcrumb"},"inLanguage":"en-US","potentialAction":[{"@type":"ReadAction","target":["https:\/\/hospitalneurosono.com.br\/index.php\/home\/"]}]},{"@type":"BreadcrumbList","@id":"https:\/\/hospitalneurosono.com.br\/index.php\/home\/#breadcrumb","itemListElement":[{"@type":"ListItem","position":1,"name":"In\u00edcio","item":"https:\/\/hospitalneurosono.com.br\/"},{"@type":"ListItem","position":2,"name":"Home"}]},{"@type":"WebSite","@id":"https:\/\/hospitalneurosono.com.br\/#website","url":"https:\/\/hospitalneurosono.com.br\/","name":"hospitalneurosono.com.br","description":"Hospital Neuro Sono","publisher":{"@id":"https:\/\/hospitalneurosono.com.br\/#organization"},"potentialAction":[{"@type":"SearchAction","target":{"@type":"EntryPoint","urlTemplate":"https:\/\/hospitalneurosono.com.br\/?s={search_term_string}"},"query-input":"required name=search_term_string"}],"inLanguage":"en-US"},{"@type":"Organization","@id":"https:\/\/hospitalneurosono.com.br\/#organization","name":"hospitalneurosono.com.br","url":"https:\/\/hospitalneurosono.com.br\/","logo":{"@type":"ImageObject","inLanguage":"en-US","@id":"https:\/\/hospitalneurosono.com.br\/#\/schema\/logo\/image\/","url":"https:\/\/hospitalneurosono.com.br\/wp-content\/uploads\/2023\/05\/logo_neurosono.png","contentUrl":"https:\/\/hospitalneurosono.com.br\/wp-content\/uploads\/2023\/05\/logo_neurosono.png","width":3000,"height":1500,"caption":"hospitalneurosono.com.br"},"image":{"@id":"https:\/\/hospitalneurosono.com.br\/#\/schema\/logo\/image\/"}}]}},"_links":{"self":[{"href":"https:\/\/hospitalneurosono.com.br\/index.php\/wp-json\/wp\/v2\/pages\/29"}],"collection":[{"href":"https:\/\/hospitalneurosono.com.br\/index.php\/wp-json\/wp\/v2\/pages"}],"about":[{"href":"https:\/\/hospitalneurosono.com.br\/index.php\/wp-json\/wp\/v2\/types\/page"}],"author":[{"embeddable":true,"href":"https:\/\/hospitalneurosono.com.br\/index.php\/wp-json\/wp\/v2\/users\/1"}],"replies":[{"embeddable":true,"href":"https:\/\/hospitalneurosono.com.br\/index.php\/wp-json\/wp\/v2\/comments?post=29"}],"version-history":[{"count":4,"href":"https:\/\/hospitalneurosono.com.br\/index.php\/wp-json\/wp\/v2\/pages\/29\/revisions"}],"predecessor-version":[{"id":87,"href":"https:\/\/hospitalneurosono.com.br\/index.php\/wp-json\/wp\/v2\/pages\/29\/revisions\/87"}],"wp:featuredmedia":[{"embeddable":true,"href":"https:\/\/hospitalneurosono.com.br\/index.php\/wp-json\/wp\/v2\/media\/88"}],"wp:attachment":[{"href":"https:\/\/hospitalneurosono.com.br\/index.php\/wp-json\/wp\/v2\/media?parent=29"}],"curies":[{"name":"wp","href":"https:\/\/api.w.org\/{rel}","templated":true}]}}